{"id":250,"date":"2025-05-25T11:13:53","date_gmt":"2025-05-25T09:13:53","guid":{"rendered":"https:\/\/lasfood.fr\/?post_type=product&#038;p=250"},"modified":"2025-05-25T11:14:32","modified_gmt":"2025-05-25T09:14:32","slug":"le-smash-burger-3-viandes","status":"publish","type":"product","link":"https:\/\/lasfood.fr\/index.php\/produit\/le-smash-burger-3-viandes\/","title":{"rendered":"Le SMASH BURGER 3 VIANDES"},"content":{"rendered":"<p>280g Boule de viande \u00e9cras\u00e9e finement, salade, tomate, cornichons, cheese, sauce oignon caram\u00e9lis\u00e9<\/p>\n","protected":false},"excerpt":{"rendered":"<p>280g Boule de viande \u00e9cras\u00e9e finement, salade, tomate, cornichons, cheese, sauce oignon caram\u00e9lis\u00e9<\/p>\n","protected":false},"featured_media":247,"comment_status":"open","ping_status":"closed","template":"","meta":{"_et_pb_use_builder":"","_et_pb_old_content":"","_et_gb_content_width":""},"product_brand":[],"product_cat":[16],"product_tag":[],"class_list":{"0":"post-250","1":"product","2":"type-product","3":"status-publish","4":"has-post-thumbnail","6":"product_cat-burgers","8":"first","9":"instock","10":"taxable","11":"shipping-taxable","12":"purchasable","13":"product-type-simple"},"_links":{"self":[{"href":"https:\/\/lasfood.fr\/index.php\/wp-json\/wp\/v2\/product\/250","targetHints":{"allow":["GET"]}}],"collection":[{"href":"https:\/\/lasfood.fr\/index.php\/wp-json\/wp\/v2\/product"}],"about":[{"href":"https:\/\/lasfood.fr\/index.php\/wp-json\/wp\/v2\/types\/product"}],"replies":[{"embeddable":true,"href":"https:\/\/lasfood.fr\/index.php\/wp-json\/wp\/v2\/comments?post=250"}],"wp:featuredmedia":[{"embeddable":true,"href":"https:\/\/lasfood.fr\/index.php\/wp-json\/wp\/v2\/media\/247"}],"wp:attachment":[{"href":"https:\/\/lasfood.fr\/index.php\/wp-json\/wp\/v2\/media?parent=250"}],"wp:term":[{"taxonomy":"product_brand","embeddable":true,"href":"https:\/\/lasfood.fr\/index.php\/wp-json\/wp\/v2\/product_brand?post=250"},{"taxonomy":"product_cat","embeddable":true,"href":"https:\/\/lasfood.fr\/index.php\/wp-json\/wp\/v2\/product_cat?post=250"},{"taxonomy":"product_tag","embeddable":true,"href":"https:\/\/lasfood.fr\/index.php\/wp-json\/wp\/v2\/product_tag?post=250"}],"curies":[{"name":"wp","href":"https:\/\/api.w.org\/{rel}","templated":true}]}}